 5 + 23 + -16 - (0 - -8 - 1).
5
16 - (5 + (13 - 10))
8
What is -10 + (49 - (-12 + 2 - -6)) + -11?
32
Evaluate (10 - 1) + -12 + (-24 + 1 - -4).
-22
Evaluate -347 + 313 + (7 - -1).
-26
-3 + 1 + (-39 - -33) + 10
2
What is 3 - (-8 - (-7 - -12 - 6))?
10
(6 - 3) + (-3 - 1)
-1
-15 + 28 - (25 - 3)
-9
What is the value of 3 + (-7 - -2) + -4 - -12?
6
What is (-12 - -9) + (-18 - -3) - (2 + 1)?
-21
What is the value of 29 - (6 - (-3 - -22 - 10 - 7))?
25
11 - (-13 + 8 + 9) - -4
11
Evaluate (-65 - (-139 - -62)) + (-8 - -1).
5
What is the value of -6 - (10 - (-4 - (3 - (13 + -5))))?
-15
Calculate (0 - (2 + 10 - 14)) + 11.
13
What is -12 + -8 + (25 - 24)?
-19
Calculate 15 - (7 + (-3 - -17)).
-6
-3 + 13 + -20 + 1
-9
23 + (2 - (3 + 4)) + -3 - 5
10
Evaluate -4 + (6 - (7 + 3)) + 12 - -12.
16
What is the value of 7 - (-1 + (-2 - -3 - 0) + 1)?
6
What is the value of 28 + -19 + -25 + 1?
-15
What is (29 + -49 - (-1 + 0)) + 34 + -22?
-7
Calculate -1 + -17 + 16 + -7 - -19.
10
Evaluate -2 + 8 + 8 - (-15 + 7).
22
What is (25 - 23) + 2 + 7?
11
Calculate 6 + -1 - (6 - (-9 + 18 + -7)).
1
What is -3 - (-2 + -6 - -19) - -8?
-6
What is 35 + 8 + -38 + 15?
20
Calculate (-3 - 4) + (-3 - (3 - (11 - -1))).
-1
Evaluate 25 + (-22 - (-23 - -16)).
10
-5 - ((1 - -2) + (24 - 30) - 13)
11
0 + -6 + 5 + (19 + -5 - 5)
8
-15 - (4 + -22) - -10
13
What is the value of -15 - -8 - -17 - (24 + -5)?
-9
What is (5 + -6 + 3 - 2) + 1 - 2?
-1
(-23 - (-1 + 3)) + 8
-17
Calculate -14 - (8 + -3) - (-1 + 9).
-27
What is the value of 1 + 11 - (9 + -22 - (-9 - -1))?
17
Calculate 3 - -1 - (219 + -216).
1
Evaluate 6 + ((2 - 12) + (1 - 2) - -7).
2
Calculate (2 - -3) + (-1 + 2 + -10 - -13).
9
What is -21 - ((-21 - -3) + 7)?
-10
What is the value of 3 - -26 - (-469 - -504)?
-6
(2 - 1) + 33 + -21 + -20
-7
Evaluate (10 + 1 - 9) + 4.
6
Evaluate -13 + (144 - 130 - (7 + -2)).
-4
7 + -20 + 5 + -2 + (28 - 24)
-6
11 + (2 - 17) + (1 + -22 - -1)
-24
What is (-21 - (3 - 8)) + 0 + -3?
-19
Calculate -12 + (-33 + 71 - 33).
-7
What is the value of (3 - -1) + (-1 - 5 - (14 + -14))?
-2
Calculate (1 - -5 - (16 + -9)) + (9 - 1).
7
Calculate (20 - (64 + -27)) + -7.
-24
Calculate -11 + (-9 + 16 - -12) - 6.
2
What is -1 + (-12 + 7 - -14) + (-1 - -4)?
11
What is (2 - (-42 - -24)) + -5 + 0 + -1?
14
What is -13 + 1 + 1 + (39 - 34)?
-6
Calculate 10 + -4 + -19 + -1.
-14
What is -8 + (-1 - -1) + (28 - 49) + 27?
-2
What is (-1 - -5) + (-4 - (-5 + 15))?
-10
What is -3 + (0 - (-2 + 7 + 0 + -11))?
3
(3 - 1 - -9) + (3 - -73 - 91)
-4
0 + 18 + -18 + -10
-10
Calculate -19 - (-13 - (-1 + 3)).
-4
Evaluate 6 + (-11 + 14 - -8) - -9.
26
5 + -8 - (-13 - -11)
-1
(-1 - (-4 + (-4 - -3))) + -15 - -4
-7
Evaluate (16 - 15 - (0 - (0 - -3))) + -16.
-12
Evaluate -18 - (-16 + 13 - 11).
-4
What is the value of -10 + -39 + 12 + 7?
-30
Evaluate -1 + 9 + (5 - 3 - (-42 + 43)).
9
What is the value of (5 - 13) + (-16 - 1)?
-25
-4 + -2 - (-15 + -8 + 22)
-5
3 + 2 + -11 + (18 - 11)
1
What is -1 + -2 + -1 + (-1 - 5)?
-10
What is the value of (-2 - (31 + -19) - -1) + -12?
-25
What is -9 + -8 + 4 + -3 + 10 + -7?
-13
0 + 3 + -7 - (0 + -8)
4
-7 + (14 - (-2 - -9) - 2)
-2
What is the value of -16 - (-15 + (12 - 16))?
3
Calculate -23 + 6 + 14 - -10.
7
Evaluate -5 - (-16 - (90 + -104 - (-7 + 1))).
3
(19 - 20) + -8 - -4
-5
Calculate -185 + 207 + (2 - (1 - 1) - 6).
18
5 - (14 + (-4 - -7) - 11)
-1
Calculate -13 + -3 + -310 + 326.
0
Calculate 31 - (14 + -31 + 15).
33
Calculate 18 + 0 + (-139 - -129) - 6.
2
Calculate (-1 - (-11 + -3) - 2) + (-150 - -155).
16
What is the value of 3 + (6 - (6 + 0)) - (4 - 17)?
16
What is -10 + 4 + 8 + -16 + -9?
-23
Calculate -10 - (3 + -33 + 19).
1
Calculate 177 + -191 + (3 + -10 - 1) + 2.
-20
(39 - 24) + -42 + 28
1
What is the value of -28 - ((3 + -10 - -9) + -9)?
-21
(0 - 30) + (7 - 0 - 8) + 10
-21
Calculate -32 - -6 - (-64 - -31).
7
Calculate (15 - (0 + 17)) + 8.
6
Evaluate -2 + -1 - (25 + -14 - 14).
0
Calculate -1 + -18 - (-72 + 34 + 39).
-20
Calculate (2 - -3) + (-10 - 22 - -4).
-23
Evaluate -10 + (29 - -3 - (20 + -12)).
14
What is (-20 - 8) + 15 - -8?
-5
What is (13 + -25 - -7) + 11 + 3 + 1?
10
Calculate (28 - (6 - -24)) + 21.
19
What is the value of (6 + -3 - (6 + -5)) + 19?
21
Evaluate (0 - 0) + -34 + 30 - (55 - 49).
-10
0 - 0 - (8 + 2 - (-17 - -25))
-2
What is 4 + (3 - 4) + -9 + (-1 - 3)?
-10
Calculate -24 + -3 - -39 - (-6 - 0).
18
What is -7 + 1 + (14 - 2) + (13 - 18)?
1
What is -18 + 8 + 3 + 15?
8
Evaluate -10 + (-1 - -2) + -3 + 6.
-6
(26 - 5) + -57 + 67
31
Evaluate -15 - (-52 + 50 + (-1 - 1)).
-11
(4 + -3 - (3 - (8 + 2))) + 8
16
-1 + -44 + (-816 - -823)
-38
0 - -7 - (282 + -266)
-9
Evaluate (5 - -2) + (-52 - -57) + (-2 - -3).
13
Evaluate 7 + 7 - 8 - 0 - (-1 - -6).
1
Calculate -46 - -24 - (-25 - -16).
-13
(-10 - 17 - -16) + 15
4
What is (0 - (0 - -1)) + -15 + 43 + -27?
0
What is the value of -4 + -32 + 12 + 28?
4
Calculate 103 + -145 + 55 + (1 - (0 - 6)).
20
Calculate -27 - (-68 + 23) - -2.
20
Evaluate 9 + (3 - (-5 + 8)).
9
What is 3 + 21 + (-11 - 7) + 11?
17
What is -10 + 8 + -11 + 0 + 3 + -12?
-22
What is -13 + 23 + -25 + 20?
5
Evaluate 153 + -84 - (58 + -16).
27
Evaluate -9 + (3 - 3) + (-12 - 0).
-21
11 - (-10 + 7) - (-11 - -18)
7
What is (3 - 6) + -7 + (3 - -4)?
-3
(27 + -24 - (-5 + -3)) + -6 + -26
-21
-21 - (1 + (-11 - -1) - (7 + -19))
-24
What is 2 + -1 + -3 - (4 + -13 + 13)?
-6
What is the value of -21 + (101 - 113) + (-1 - -17)?
-17
Evaluate -8 + (2 - -2) + -11 + 9.
-6
Evaluate 5 - (7 - ((-1 - -25) + -13)).
9
What is the value of 5 + -3 - -6 - ((14 - -3) + -3)?
-6
Calculate (44 - (20 - -27)) + 9.
6
What is 1 + -1 - -14 - (-2262 - -2268)?
8
Evaluate 43 + -11 + 1 + -20.
13
Evaluate -11 + -15 + 34 + (-2 - 22) - 8.
-24
What is the value of (20 - 28) + (-3 - -8 - -12)?
9
What is the value of -8 - (-12 - (-27 + 18)) - -10?
5
Evaluate -5 - (2 + -4 + 4 + 11 + -12).
-6
Calculate 21 - (-19 + 5 - -26).
9
What is -7 - 1 - (-56 + 48 + 2 + 8)?
-10
What is the value of -12 + (-26 + 20 - -23)?
5
Evaluate 1 - (-1 - -9 - (0 + 2)).
-5
Evaluate (-7 - (-3 + 2) - (84 - 91)) + 0.
1
3 + 1 + 0 - (-10 + -43 - -42)
15
What is the value of (25 - 2) + (56 - 68)?
11
4 + (-3 + 1 - (-2 + 2)) + 28
30
What is the value of -3 + -10 + 23 - (7 - -1)?
2
What is the value of 4 - ((-13 - -25) + -23) - (2 - -2)?
11
7 + -12 + 15 - 20
-10
What is the value of -9 + -5 + 28 - 11?
3
What is the value of -17 + -21 + 49 - (6 - -1)?
4
Evaluate (-22 - 0) + 16 + -16 + 9.
-13
What is the value of (4 - (5 + -2 + -13)) + (95 - 99)?
10
7 + (-20 - 10) + 48
25
What is (-21 - -9) + 13 + 6?
7
Calculate 9 - (6 + 29 - (16 + -3)).
-13
Evaluate 1 - 7 - (-24 - (16 + -31)).
3
(2 - 5) + (23 + 1 + -26 - 2)
-7
-1 - (-5 + (16 - 18 - (-7 - -1)))
0
What is the value of 31 + (19 - 16) + -15 + 3?
22
3 - (15 - 8 - 2 - 2)
0
Calculate 16 + (-10 - -8) + -9 - -7.
12
-1137 - -1155 - (-1 + 4 + 0)
15
Evaluate -13 - (14 + -21) - -3.
-3
What is the value of 7 + (22 - 16) - (-2 + -3 - -4)?
14
Calculate 10 + 4 + -16 - 6.
-8
What is the value of 3 - ((-8 - 6) + 8 - -19)?
-10
What is the value of 4 - -6 - (-18 - -51)?
-23
What is the value of (29 - (52 + 1)) + 30 - (-3 - -1)?
8
Evaluate (7 - (1 - 1)) + 118 + -116.
9
Evaluate -19 - (9 - 22) - 2.
-8
What is the value of (10 - 2) + -2 - -6?
12
9 + 10 + -15 - 9
-5
Calculate 2 + 4 + (-3 - -2) + -2.
3
(-1 - 2) + -136 + 125
-14
Evaluate -4 + 11 + -10 - 7 - (-3 + 18).
-25
What is -3 + 28 + (-77 - -38) + 49?
35
Calculate 7 - 0 - ((-42 - -37) + -15).
27
-3 + -1 - 1 - -1 - 7
-11
What is the value of 3 - (24 - 2) - 8?
-27
Calculate -2973 + 2970 - (0 + 1 + -11).
7
What is the value of -32 + (5 - 17) + 31?
-13
Evaluate -15 + 32 + -26 + (-2 - -2).
-9
Calculate -25 + -4 + 2 + 19.
-8
11 + 0 + 0 + (-11 - -6) + 0
6
What is -2 - (0 - (-8 - -12) - 3)?
5
Calculate -9 + 46 - (-2 + (-17 - -10) - -18).
28
What is (1 - ((-10 - -12) + 1)) + 7?
5
What is (-36 - -55) + -31 + -1 + -1?
-14
What is the value of -10 + 14 + -13 - 13?
-22
-6 + 58 + -47 + (11 - 2)
14
What is 5 + (-1 - -4 - (0 + (-6 - -3)))?
11
Evaluate (2 - 4) + -6 - (-59 + 43).
8
13 + -3 - (4 + (6 - -3 - 14))
11
-35 - (-23 - (20 + -6))
2
12 - (3 - 6 - (-7 - 4))
4
(-4 - -8) + (5 - (7 + 2 - 3))
3
What is the value of 9 - (-16 - -13) - 25?
-13
Calculate 66 + -77 + (0 - -28).
17
What is the value of -3 - ((-9 - (2 + -13)) + 1 + 1)?
-7
What 